{"id":1660,"date":"2019-05-17T02:38:48","date_gmt":"2019-05-17T02:38:48","guid":{"rendered":"https:\/\/erenovation.thememove.com\/?page_id=1660"},"modified":"2021-05-11T16:11:46","modified_gmt":"2021-05-11T14:11:46","slug":"toiture","status":"publish","type":"page","link":"https:\/\/smartbuilder.fr\/index.php\/services\/toiture\/","title":{"rendered":"Toiture"},"content":{"rendered":"\t\t<div data-elementor-type=\"wp-post\" data-elementor-id=\"1660\" class=\"elementor elementor-1660\">\n\t\t\t\t\t\t<div class=\"elementor-inner\">\n\t\t\t\t<div class=\"elementor-section-wrap\">\n\t\t\t\t\t\t\t\t\t<section class=\"elementor-section elementor-top-section elementor-element elementor-element-48e49a5 elementor-section-boxed elementor-section-height-default elementor-section-height-default\" data-id=\"48e49a5\" data-element_type=\"section\">\n\t\t\t\t\t\t<div class=\"elementor-container elementor-column-gap-default\">\n\t\t\t\t\t\t\t<div class=\"elementor-row\">\n\t\t\t\t\t<div class=\"elementor-column elementor-col-100 elementor-top-column elementor-element elementor-element-cd1e675\" data-id=\"cd1e675\" data-element_type=\"column\">\n\t\t\t<div class=\"elementor-column-wrap elementor-element-populated\">\n\t\t\t\t\t\t\t<div class=\"elementor-widget-wrap\">\n\t\t\t\t\t\t<div class=\"elementor-element elementor-element-d11ea0a elementor-view-framed elementor-shape-circle elementor-widget elementor-widget-icon\" data-id=\"d11ea0a\" data-element_type=\"widget\" data-widget_type=\"icon.default\">\n\t\t\t\t<div class=\"elementor-widget-container\">\n\t\t\t\t\t<div class=\"elementor-icon-wrapper\">\n\t\t\t<div class=\"elementor-icon\">\n\t\t\t<i aria-hidden=\"true\" class=\"fas fa-home\"><\/i>\t\t\t<\/div>\n\t\t<\/div>\n\t\t\t\t<\/div>\n\t\t\t\t<\/div>\n\t\t\t\t<div class=\"elementor-element elementor-element-97b03fd elementor-widget elementor-widget-spacer\" data-id=\"97b03fd\" data-element_type=\"widget\" data-widget_type=\"spacer.default\">\n\t\t\t\t<div class=\"elementor-widget-container\">\n\t\t\t\t\t<div class=\"elementor-spacer\">\n\t\t\t<div class=\"elementor-spacer-inner\"><\/div>\n\t\t<\/div>\n\t\t\t\t<\/div>\n\t\t\t\t<\/div>\n\t\t\t\t<div class=\"elementor-element elementor-element-ddf3c97 elementor-widget elementor-widget-heading\" data-id=\"ddf3c97\" data-element_type=\"widget\" data-widget_type=\"heading.default\">\n\t\t\t\t<div class=\"elementor-widget-container\">\n\t\t\t<h2 class=\"elementor-heading-title elementor-size-default\">Smart Builder <\/h2>\t\t<\/div>\n\t\t\t\t<\/div>\n\t\t\t\t<div class=\"elementor-element elementor-element-0567472 elementor-widget elementor-widget-image\" data-id=\"0567472\" data-element_type=\"widget\" data-widget_type=\"image.default\">\n\t\t\t\t<div class=\"elementor-widget-container\">\n\t\t\t\t\t\t\t\t<div class=\"elementor-image\">\n\t\t\t\t\t\t\t\t\t<figure class=\"wp-caption\">\n\t\t\t\t\t\t\t\t\t\t<img loading=\"lazy\" decoding=\"async\" width=\"100\" height=\"100\" src=\"https:\/\/smartbuilder.fr\/wp-content\/uploads\/2021\/05\/Icone-toit-100x100.png\" class=\"attachment-project-thumbnail size-project-thumbnail\" alt=\"\" srcset=\"https:\/\/smartbuilder.fr\/wp-content\/uploads\/2021\/05\/Icone-toit-100x100.png 100w, https:\/\/smartbuilder.fr\/wp-content\/uploads\/2021\/05\/Icone-toit-300x300.png 300w, https:\/\/smartbuilder.fr\/wp-content\/uploads\/2021\/05\/Icone-toit-150x150.png 150w, https:\/\/smartbuilder.fr\/wp-content\/uploads\/2021\/05\/Icone-toit.png 512w\" sizes=\"(max-width: 100px) 100vw, 100px\" \/>\t\t\t\t\t\t\t\t\t\t\t<figcaption class=\"widget-image-caption wp-caption-text\">Des couvreurs passionn\u00e9s \u00e0 votre service<\/figcaption>\n\t\t\t\t\t\t\t\t\t\t<\/figure>\n\t\t\t\t\t\t\t\t<\/div>\n\t\t\t\t\t\t<\/div>\n\t\t\t\t<\/div>\n\t\t\t\t\t\t<\/div>\n\t\t\t\t\t<\/div>\n\t\t<\/div>\n\t\t\t\t\t\t\t\t<\/div>\n\t\t\t\t\t<\/div>\n\t\t<\/section>\n\t\t\t\t<section class=\"elementor-section elementor-top-section elementor-element elementor-element-da90411 elementor-section-boxed elementor-section-height-default elementor-section-height-default\" data-id=\"da90411\" data-element_type=\"section\">\n\t\t\t\t\t\t<div class=\"elementor-container elementor-column-gap-default\">\n\t\t\t\t\t\t\t<div class=\"elementor-row\">\n\t\t\t\t\t<div class=\"elementor-column elementor-col-50 elementor-top-column elementor-element elementor-element-b3d9c42\" data-id=\"b3d9c42\" data-element_type=\"column\">\n\t\t\t<div class=\"elementor-column-wrap elementor-element-populated\">\n\t\t\t\t\t\t\t<div class=\"elementor-widget-wrap\">\n\t\t\t\t\t\t<div class=\"elementor-element elementor-element-09276b2 elementor-widget elementor-widget-image\" data-id=\"09276b2\" data-element_type=\"widget\" data-widget_type=\"image.default\">\n\t\t\t\t<div class=\"elementor-widget-container\">\n\t\t\t\t\t\t\t\t<div class=\"elementor-image\">\n\t\t\t\t\t\t\t\t\t\t\t\t<img loading=\"lazy\" decoding=\"async\" width=\"474\" height=\"266\" src=\"https:\/\/smartbuilder.fr\/wp-content\/uploads\/2021\/05\/th-3.jpg\" class=\"attachment-medium_large size-medium_large\" alt=\"\" srcset=\"https:\/\/smartbuilder.fr\/wp-content\/uploads\/2021\/05\/th-3.jpg 474w, https:\/\/smartbuilder.fr\/wp-content\/uploads\/2021\/05\/th-3-300x168.jpg 300w\" sizes=\"(max-width: 474px) 100vw, 474px\" \/>\t\t\t\t\t\t\t\t\t\t\t\t\t\t<\/div>\n\t\t\t\t\t\t<\/div>\n\t\t\t\t<\/div>\n\t\t\t\t\t\t<\/div>\n\t\t\t\t\t<\/div>\n\t\t<\/div>\n\t\t\t\t<div class=\"elementor-column elementor-col-50 elementor-top-column elementor-element elementor-element-88bbe7c\" data-id=\"88bbe7c\" data-element_type=\"column\">\n\t\t\t<div class=\"elementor-column-wrap elementor-element-populated\">\n\t\t\t\t\t\t\t<div class=\"elementor-widget-wrap\">\n\t\t\t\t\t\t<div class=\"elementor-element elementor-element-dd315f6 elementor-widget elementor-widget-heading\" data-id=\"dd315f6\" data-element_type=\"widget\" data-widget_type=\"heading.default\">\n\t\t\t\t<div class=\"elementor-widget-container\">\n\t\t\t<h2 class=\"elementor-heading-title elementor-size-large\">Le domaine de la couverture est large et englobe de nombreux proc\u00e9d\u00e9s et techniques.\nIl consiste en la mise en place d\u2019une d\u2019une m\u00e9thode de recouvrement du toit d\u2019un\nb\u00e2timent gr\u00e2ce \u00e0 des mat\u00e9riaux et des proc\u00e9d\u00e9s innovateurs,\n\nSmartbuilder prends soin de votre toit, en effet, apr\u00e8s plusieurs ann\u00e9es, il se peut que\nvotre toiture soit sali ou recouverte de mousse, cela peut entra\u00eener une d\u00e9gradation\npr\u00e9matur\u00e9 de votre toit, nous vous proposons le nettoyage complet de votre toiture\ngr\u00e2ce \u00e0 des mat\u00e9riaux et des proc\u00e9d\u00e9s innovateurs\nSmartbuilder vous propose la cr\u00e9ation de votre toiture, en effet, les mat\u00e9riaux et les\ncouleurs sont diverses.\n<br><\/h2>\t\t<\/div>\n\t\t\t\t<\/div>\n\t\t\t\t\t\t<\/div>\n\t\t\t\t\t<\/div>\n\t\t<\/div>\n\t\t\t\t\t\t\t\t<\/div>\n\t\t\t\t\t<\/div>\n\t\t<\/section>\n\t\t\t\t<section class=\"elementor-section elementor-top-section elementor-element elementor-element-129e407a elementor-section-full_width elementor-section-height-default elementor-section-height-default\" data-id=\"129e407a\" data-element_type=\"section\">\n\t\t\t\t\t\t<div class=\"elementor-container elementor-column-gap-wide\">\n\t\t\t\t\t\t\t<div class=\"elementor-row\">\n\t\t\t\t\t<div class=\"elementor-column elementor-col-100 elementor-top-column elementor-element elementor-element-7b4a0050\" data-id=\"7b4a0050\" data-element_type=\"column\">\n\t\t\t<div class=\"elementor-column-wrap\">\n\t\t\t\t\t\t\t<div class=\"elementor-widget-wrap\">\n\t\t\t\t\t\t\t\t<\/div>\n\t\t\t\t\t<\/div>\n\t\t<\/div>\n\t\t\t\t\t\t\t\t<\/div>\n\t\t\t\t\t<\/div>\n\t\t<\/section>\n\t\t\t\t<section class=\"elementor-section elementor-top-section elementor-element elementor-element-29c5cab5 elementor-section-stretched elementor-section-boxed elementor-section-height-default elementor-section-height-default\" data-id=\"29c5cab5\" data-element_type=\"section\" data-settings=\"{&quot;stretch_section&quot;:&quot;section-stretched&quot;}\">\n\t\t\t\t\t\t<div class=\"elementor-container elementor-column-gap-default\">\n\t\t\t\t\t\t\t<div class=\"elementor-row\">\n\t\t\t\t\t<div class=\"elementor-column elementor-col-100 elementor-top-column elementor-element elementor-element-27b2b5ec\" data-id=\"27b2b5ec\" data-element_type=\"column\">\n\t\t\t<div class=\"elementor-column-wrap elementor-element-populated\">\n\t\t\t\t\t\t\t<div class=\"elementor-widget-wrap\">\n\t\t\t\t\t\t<section class=\"elementor-section elementor-inner-section elementor-element elementor-element-a7af3a3 elementor-section-boxed elementor-section-height-default elementor-section-height-default\" data-id=\"a7af3a3\" data-element_type=\"section\">\n\t\t\t\t\t\t<div class=\"elementor-container elementor-column-gap-default\">\n\t\t\t\t\t\t\t<div class=\"elementor-row\">\n\t\t\t\t\t<div class=\"elementor-column elementor-col-50 elementor-inner-column elementor-element elementor-element-607b515\" data-id=\"607b515\" data-element_type=\"column\">\n\t\t\t<div class=\"elementor-column-wrap elementor-element-populated\">\n\t\t\t\t\t\t\t<div class=\"elementor-widget-wrap\">\n\t\t\t\t\t\t<div class=\"elementor-element elementor-element-1e1ff97c elementor-widget elementor-widget-text-editor\" data-id=\"1e1ff97c\" data-element_type=\"widget\" data-widget_type=\"text-editor.default\">\n\t\t\t\t<div class=\"elementor-widget-container\">\n\t\t\t\t\t\t\t\t<div class=\"elementor-text-editor elementor-clearfix\">\n\t\t\t\t<table><thead><tr><th>Services<\/th><th>Prix<\/th><\/tr><\/thead><tbody><tr><td><p>Couverture\u00a0<\/p><ul class=\"rteBlock defaultList\"><li>Conception de couverture<\/li><li>R\u00e9novation couverture<\/li><li>R\u00e9fection de toitures<\/li><li>Changement de tuiles<\/li><\/ul><\/td><td><strong>\u00e0 partir de 95<\/strong><span style=\"font-weight: 600; font-family: Lato, Helvetica, Arial, sans-serif; font-size: 15px; font-style: normal;\">\u20ac\/<\/span><strong style=\"font-family: inherit; font-style: inherit; letter-spacing: 0em;\">m\u00b2*<\/strong><strong><br \/><\/strong><\/td><\/tr><tr><td><p>R\u00e9novation\u00a0<\/p><ul class=\"rteBlock defaultList\"><li>D\u00e9moussage de toitures<\/li><li>Traitement hydrofuge<\/li><li>Nettoyage de toitures<\/li><li>Imperm\u00e9abilisation<\/li><\/ul><\/td><td><strong>\u00e0 partir de 55\u20ac*<\/strong><\/td><\/tr><tr><td>\u00c9tanch\u00e9it\u00e9<\/td><td><strong>\u00e0 partir de 45\u20ac*<\/strong><\/td><\/tr><tr><td><ul><li>\u00c9tanch\u00e9it\u00e9 de toiture<\/li><\/ul><ul class=\"rteBlock defaultList\"><li>Toit-terrasse<\/li><li>\u00c9tanch\u00e9it\u00e9 de toit plat<\/li><li>Recherche de fuite<\/li><\/ul><\/td><td>\u00a0<\/td><\/tr><tr><td>\u00a0<\/td><td>\u00a0<\/td><\/tr><\/tbody><\/table><p>*Prix moyen d&#8217;une prestation observ\u00e9e sur les interventions pr\u00e9c\u00e9dentes. Prix pr\u00e9sent\u00e9s \u00e0 titre indicatif. Des majorations peuvent s&#8217;appliquer. Les prix s&#8217;entendent en Euros TTC Couverture<\/p>\t\t\t\t\t<\/div>\n\t\t\t\t\t\t<\/div>\n\t\t\t\t<\/div>\n\t\t\t\t\t\t<\/div>\n\t\t\t\t\t<\/div>\n\t\t<\/div>\n\t\t\t\t<div class=\"elementor-column elementor-col-50 elementor-inner-column elementor-element elementor-element-5525932b\" data-id=\"5525932b\" data-element_type=\"column\">\n\t\t\t<div class=\"elementor-column-wrap elementor-element-populated\">\n\t\t\t\t\t\t\t<div class=\"elementor-widget-wrap\">\n\t\t\t\t\t\t<div class=\"elementor-element elementor-element-6310c4bb renovation-faq  elementor-widget elementor-widget-accordion\" data-id=\"6310c4bb\" data-element_type=\"widget\" data-widget_type=\"accordion.default\">\n\t\t\t\t<div class=\"elementor-widget-container\">\n\t\t\t\t\t<div class=\"elementor-accordion\" role=\"tablist\">\n\t\t\t\t\t\t\t<div class=\"elementor-accordion-item\">\n\t\t\t\t\t<div id=\"elementor-tab-title-1661\" class=\"elementor-tab-title\" data-tab=\"1\" role=\"tab\" aria-controls=\"elementor-tab-content-1661\" aria-expanded=\"false\">\n\t\t\t\t\t\t\t\t\t\t\t\t\t<span class=\"elementor-accordion-icon elementor-accordion-icon-left\" aria-hidden=\"true\">\n\t\t\t\t\t\t\t\t\t\t\t\t\t\t\t<span class=\"elementor-accordion-icon-closed\"><i class=\"fas fa-tools\"><\/i><\/span>\n\t\t\t\t\t\t\t\t<span class=\"elementor-accordion-icon-opened\"><i class=\"fas fa-wrench\"><\/i><\/span>\n\t\t\t\t\t\t\t\t\t\t\t\t\t\t<\/span>\n\t\t\t\t\t\t\t\t\t\t\t\t<a class=\"elementor-accordion-title\" href=\"\">Un  partenaire de confiance <\/a>\n\t\t\t\t\t<\/div>\n\t\t\t\t\t<div id=\"elementor-tab-content-1661\" class=\"elementor-tab-content elementor-clearfix\" data-tab=\"1\" role=\"tabpanel\" aria-labelledby=\"elementor-tab-title-1661\"><p>Notre \u00e9quipe exp\u00e9riment\u00e9e peut effectuer l\u2019ensemble des travaux de conception,\u00a0 de\u00a0 r\u00e9novation et d&#8217;entretien de vos toits, qu\u2019ils soient en pente ou en terrasse. Tous nos travaux r\u00e9pondront aux normes en vigueur.<\/p><p><span style=\"font-size: 15px; letter-spacing: 0em;\">N\u2019h\u00e9sitez plus, contactez nous pour plus d\u2019informations.<\/span><\/p><\/div>\n\t\t\t\t<\/div>\n\t\t\t\t\t\t\t<div class=\"elementor-accordion-item\">\n\t\t\t\t\t<div id=\"elementor-tab-title-1662\" class=\"elementor-tab-title\" data-tab=\"2\" role=\"tab\" aria-controls=\"elementor-tab-content-1662\" aria-expanded=\"false\">\n\t\t\t\t\t\t\t\t\t\t\t\t\t<span class=\"elementor-accordion-icon elementor-accordion-icon-left\" aria-hidden=\"true\">\n\t\t\t\t\t\t\t\t\t\t\t\t\t\t\t<span class=\"elementor-accordion-icon-closed\"><i class=\"fas fa-tools\"><\/i><\/span>\n\t\t\t\t\t\t\t\t<span class=\"elementor-accordion-icon-opened\"><i class=\"fas fa-wrench\"><\/i><\/span>\n\t\t\t\t\t\t\t\t\t\t\t\t\t\t<\/span>\n\t\t\t\t\t\t\t\t\t\t\t\t<a class=\"elementor-accordion-title\" href=\"\">Une construction sans faille pour un r\u00e9sultat durable.<\/a>\n\t\t\t\t\t<\/div>\n\t\t\t\t\t<div id=\"elementor-tab-content-1662\" class=\"elementor-tab-content elementor-clearfix\" data-tab=\"2\" role=\"tabpanel\" aria-labelledby=\"elementor-tab-title-1662\"><p>Pour la conception et\u00a0 l&#8217;\u00e9tanch\u00e9it\u00e9 de vos toitures et sous toitures, qu&#8217;elles soient &#8220;en terrasse&#8221;, &#8220;arrondies&#8221; ou encore &#8220;en pente&#8221;; nous disposons d\u2019une large gamme de tuiles. (<span class=\"\">tuiles plates en terre cuite, rondes ou ardoises) <\/span><\/p><p><span class=\"\">Nous nous engageons \u00e0 vous livrer <\/span><span class=\"\">une prestation sur mesure de qualit\u00e9 et dans les d\u00e9lais demand\u00e9s.<\/span><\/p><p><span class=\"\">Vos\u00a0 couvertures <\/span><span class=\"\">sont r\u00e9alis\u00e9es avec le plus grand soin sur vos chantiers de construction neuve ou de r\u00e9novation.;<\/span><\/p><\/div>\n\t\t\t\t<\/div>\n\t\t\t\t\t\t\t<div class=\"elementor-accordion-item\">\n\t\t\t\t\t<div id=\"elementor-tab-title-1663\" class=\"elementor-tab-title\" data-tab=\"3\" role=\"tab\" aria-controls=\"elementor-tab-content-1663\" aria-expanded=\"false\">\n\t\t\t\t\t\t\t\t\t\t\t\t\t<span class=\"elementor-accordion-icon elementor-accordion-icon-left\" aria-hidden=\"true\">\n\t\t\t\t\t\t\t\t\t\t\t\t\t\t\t<span class=\"elementor-accordion-icon-closed\"><i class=\"fas fa-tools\"><\/i><\/span>\n\t\t\t\t\t\t\t\t<span class=\"elementor-accordion-icon-opened\"><i class=\"fas fa-wrench\"><\/i><\/span>\n\t\t\t\t\t\t\t\t\t\t\t\t\t\t<\/span>\n\t\t\t\t\t\t\t\t\t\t\t\t<a class=\"elementor-accordion-title\" href=\"\">Nos atouts<\/a>\n\t\t\t\t\t<\/div>\n\t\t\t\t\t<div id=\"elementor-tab-content-1663\" class=\"elementor-tab-content elementor-clearfix\" data-tab=\"3\" role=\"tabpanel\" aria-labelledby=\"elementor-tab-title-1663\"><p>Devis gratuit\u00a0\u00b7 D\u00e9pannage 7j\/7\u00a0\u00b7 Interventions rapides\u00a0\u00b7 Travail de qualit\u00e9<\/p><\/div>\n\t\t\t\t<\/div>\n\t\t\t\t\t\t\t\t<\/div>\n\t\t\t\t<\/div>\n\t\t\t\t<\/div>\n\t\t\t\t\t\t<\/div>\n\t\t\t\t\t<\/div>\n\t\t<\/div>\n\t\t\t\t\t\t\t\t<\/div>\n\t\t\t\t\t<\/div>\n\t\t<\/section>\n\t\t\t\t<div class=\"elementor-element elementor-element-fc7e182 elementor-widget elementor-widget-image\" data-id=\"fc7e182\" data-element_type=\"widget\" data-widget_type=\"image.default\">\n\t\t\t\t<div class=\"elementor-widget-container\">\n\t\t\t\t\t\t\t\t<div class=\"elementor-image\">\n\t\t\t\t\t\t\t\t\t\t\t\t<img loading=\"lazy\" decoding=\"async\" width=\"1170\" height=\"600\" src=\"https:\/\/smartbuilder.fr\/wp-content\/uploads\/2015\/04\/roofers-2891664_1920-1170x600.jpg\" class=\"attachment-project-single size-project-single\" alt=\"\" \/>\t\t\t\t\t\t\t\t\t\t\t\t\t\t<\/div>\n\t\t\t\t\t\t<\/div>\n\t\t\t\t<\/div>\n\t\t\t\t\t\t<\/div>\n\t\t\t\t\t<\/div>\n\t\t<\/div>\n\t\t\t\t\t\t\t\t<\/div>\n\t\t\t\t\t<\/div>\n\t\t<\/section>\n\t\t\t\t<section class=\"elementor-section elementor-top-section elementor-element elementor-element-3a932cf elementor-section-boxed elementor-section-height-default elementor-section-height-default\" data-id=\"3a932cf\" data-element_type=\"section\">\n\t\t\t\t\t\t<div class=\"elementor-container elementor-column-gap-default\">\n\t\t\t\t\t\t\t<div class=\"elementor-row\">\n\t\t\t\t\t<div class=\"elementor-column elementor-col-100 elementor-top-column elementor-element elementor-element-e3e1caf\" data-id=\"e3e1caf\" data-element_type=\"column\">\n\t\t\t<div class=\"elementor-column-wrap elementor-element-populated\">\n\t\t\t\t\t\t\t<div class=\"elementor-widget-wrap\">\n\t\t\t\t\t\t<div class=\"elementor-element elementor-element-172a9d9 elementor-widget elementor-widget-spacer\" data-id=\"172a9d9\" data-element_type=\"widget\" data-widget_type=\"spacer.default\">\n\t\t\t\t<div class=\"elementor-widget-container\">\n\t\t\t\t\t<div class=\"elementor-spacer\">\n\t\t\t<div class=\"elementor-spacer-inner\"><\/div>\n\t\t<\/div>\n\t\t\t\t<\/div>\n\t\t\t\t<\/div>\n\t\t\t\t\t\t<\/div>\n\t\t\t\t\t<\/div>\n\t\t<\/div>\n\t\t\t\t\t\t\t\t<\/div>\n\t\t\t\t\t<\/div>\n\t\t<\/section>\n\t\t\t\t\t\t\t\t\t<\/div>\n\t\t\t<\/div>\n\t\t\t\t\t<\/div>\n\t\t","protected":false},"excerpt":{"rendered":"<p>Smart Builder Des couvreurs passionn\u00e9s \u00e0 votre service Le domaine de la couverture est large et englobe de nombreux proc\u00e9d\u00e9s et techniques. Il consiste en la mise en place d\u2019une d\u2019une m\u00e9thode de recouvrement du toit d\u2019un b\u00e2timent gr\u00e2ce \u00e0 des mat\u00e9riaux et des proc\u00e9d\u00e9s innovateurs, Smartbuilder prends soin de votre toit, en effet, apr\u00e8s [&hellip;]<\/p>\n","protected":false},"author":1,"featured_media":0,"parent":1584,"menu_order":0,"comment_status":"closed","ping_status":"closed","template":"","meta":{"om_disable_all_campaigns":false,"_monsterinsights_skip_tracking":false,"_monsterinsights_sitenote_active":false,"_monsterinsights_sitenote_note":"","_monsterinsights_sitenote_category":0,"footnotes":""},"class_list":["post-1660","page","type-page","status-publish","hentry"],"_links":{"self":[{"href":"https:\/\/smartbuilder.fr\/index.php\/wp-json\/wp\/v2\/pages\/1660"}],"collection":[{"href":"https:\/\/smartbuilder.fr\/index.php\/wp-json\/wp\/v2\/pages"}],"about":[{"href":"https:\/\/smartbuilder.fr\/index.php\/wp-json\/wp\/v2\/types\/page"}],"author":[{"embeddable":true,"href":"https:\/\/smartbuilder.fr\/index.php\/wp-json\/wp\/v2\/users\/1"}],"replies":[{"embeddable":true,"href":"https:\/\/smartbuilder.fr\/index.php\/wp-json\/wp\/v2\/comments?post=1660"}],"version-history":[{"count":58,"href":"https:\/\/smartbuilder.fr\/index.php\/wp-json\/wp\/v2\/pages\/1660\/revisions"}],"predecessor-version":[{"id":3918,"href":"https:\/\/smartbuilder.fr\/index.php\/wp-json\/wp\/v2\/pages\/1660\/revisions\/3918"}],"up":[{"embeddable":true,"href":"https:\/\/smartbuilder.fr\/index.php\/wp-json\/wp\/v2\/pages\/1584"}],"wp:attachment":[{"href":"https:\/\/smartbuilder.fr\/index.php\/wp-json\/wp\/v2\/media?parent=1660"}],"curies":[{"name":"wp","href":"https:\/\/api.w.org\/{rel}","templated":true}]}}